{"id":40,"date":"2016-12-09T12:24:02","date_gmt":"2016-12-09T11:24:02","guid":{"rendered":"http:\/\/www.studiomercure.fr\/?page_id=40"},"modified":"2024-07-10T18:31:02","modified_gmt":"2024-07-10T17:31:02","slug":"accueil","status":"publish","type":"page","link":"https:\/\/www.studiomercure.fr\/","title":{"rendered":"Accueil"},"content":{"rendered":"<div id='layer_slider_1'  class='avia-layerslider main_color avia-shadow  avia-builder-el-0  el_before_av_textblock  avia-builder-el-first  container_wrap sidebar_left'  style='height: 431px; max-width: 1500px; margin: 0 auto;'  ><\/div><div id='after_layer_slider_1'  class='main_color av_default_container_wrap container_wrap sidebar_left'  ><div class='container av-section-cont-open' ><div class='template-page content  av-content-small units'><div class='post-entry post-entry-type-page post-entry-40'><div class='entry-content-wrapper clearfix'>\n\n<style type=\"text\/css\" data-created_by=\"avia_inline_auto\" id=\"style-css-av-33jrs-37e0d9b9998c1739d063d862b10b469c\">\n#top .av_textblock_section.av-33jrs-37e0d9b9998c1739d063d862b10b469c .avia_textblock{\nfont-size:13px;\n}\n<\/style>\n<section  class='av_textblock_section av-33jrs-37e0d9b9998c1739d063d862b10b469c '   itemscope=\"itemscope\" itemtype=\"https:\/\/schema.org\/CreativeWork\" ><div class='avia_textblock'  itemprop=\"text\" ><p style=\"text-align: center;\"><span style=\"font-size: 21pt;\"><strong>ENREGISTREMENT \/ MIXAGE \/ MASTERING<\/strong><\/span><br \/>\n<span style=\"font-size: 16pt;\"><strong>EXCELLENCE \/ COMPETENCES \/ PERFECTION<\/strong><\/span><\/p>\n<p><span style=\"font-size: 13pt;\">Le Studio Mercure se distingue par ses qualit\u00e9s. La principale demeure l\u2019enregistrement et le mixage d\u2019albums, comptant pour se faire sur la pr\u00e9sence d\u2019ing\u00e9nieurs, r\u00e9alisateurs, arrangeurs \u00e0 demeure, faisant appel \u00e9galement \u00e0 des ing\u00e9nieurs free lance.<br \/>\nNombre d\u2019artistes, musiciens, r\u00e9alisateurs, remixeurs, producteurs, ing\u00e9nieurs du son ou directeurs artistiques de tous horizons nous ont d\u00e9j\u00e0 accord\u00e9 leur confiance<br \/>\nDans un cadre appropri\u00e9 \u00e0 la cr\u00e9ativit\u00e9, nous vous proposons la plus grande surface d\u2019enregistrement de la C\u00f4te d\u2019Azur pour la musique. Un lieu unique \u00e0 l\u2019acoustique \u00e9tudi\u00e9e pouvant accueillir les grandes formations comme les projets individuels.<br \/>\nDepuis 2013, votre studio d\u2019enregistrement vous accueille un cadre de travail professionnel et confortable \u00e0 Mougins (dix minutes du centre de Cannes). Avant, en 20 ans, \u00e0 Paris, il a accueilli de nombreuses sessions d\u2019enregistrement et de mixages pour des projets fran\u00e7ais et internationaux. Pour suivre l\u2019\u00e9volution de l\u2019industrie de la musique, en plus des mat\u00e9riels vintages, le Studio Mercure continue d\u2019investir continuellement et propose \u00e0 ce jour les derniers \u00e9quipements disponibles sur le march\u00e9.<br \/>\nLa r\u00e9gie du Studio est \u00e9quip\u00e9e de convertisseurs UAD Apollo x16 et Apollo 16MKII, d&rsquo;une centaine de micros, accol\u00e9e de deux plateaux l\u2019un de 100 m\u00b2 et l\u2019autre de 40m\u00b2.<br \/>\nNous sommes en mesure de r\u00e9pondre \u00e0 tous les budgets.<br \/>\nN\u2019h\u00e9sitez pas \u00e0 nous contacter si vous avez la moindre question concernant votre projet. La consultation est gratuite.<br \/>\nA votre service, Gilles Serin.<\/span><\/p>\n<\/div><\/section>\n\n<style type=\"text\/css\" data-created_by=\"avia_inline_auto\" id=\"style-css-av-2vjf8-a2cd30935d941e793754c7d571567f3b\">\n.flex_column.av-2vjf8-a2cd30935d941e793754c7d571567f3b{\nborder-radius:0px 0px 0px 0px;\npadding:0px 0px 0px 0px;\n}\n<\/style>\n<div  class='flex_column av-2vjf8-a2cd30935d941e793754c7d571567f3b av_one_third  avia-builder-el-2  el_after_av_textblock  el_before_av_one_third  first flex_column_div av-zero-column-padding  column-top-margin'     ><article  class='iconbox iconbox_left av-12gzg-c40b8f32a5f129b84fe6642576d97592  avia-builder-el-3  avia-builder-el-no-sibling '  itemscope=\"itemscope\" itemtype=\"https:\/\/schema.org\/CreativeWork\" ><div class=\"iconbox_content\"><header class=\"entry-content-header\" aria-label=\"Ic\u00f4ne : Le studio Mercure vient de changer de r\u00e9gie !\"><a href='https:\/\/www.youtube.com\/watch?v=I-AVYpLEJbE' title='Le studio Mercure vient de changer de r\u00e9gie !' aria-label='Le studio Mercure vient de changer de r\u00e9gie !'  class='iconbox_icon heading-color avia-iconfont avia-font-entypo-fontello' data-av_icon='\ue80d' data-av_iconfont='entypo-fontello' title=\"Le studio Mercure vient de changer de r\u00e9gie !\" desc=\"Le studio Mercure vient de changer de r\u00e9gie !\" ><\/a><h3 class='iconbox_content_title '  itemprop=\"headline\" ><a href='https:\/\/www.youtube.com\/watch?v=I-AVYpLEJbE' title='Le studio Mercure vient de changer de r\u00e9gie !' >Le studio Mercure vient de changer de r\u00e9gie !<\/a><\/h3><\/header><div class='iconbox_content_container '  itemprop=\"text\" ><p>Cliquez ci dessus pour acc\u00e9der \u00e0 la vid\u00e9o.<\/p>\n<\/div><\/div><footer class=\"entry-footer\"><\/footer><\/article><\/div>\n\n<style type=\"text\/css\" data-created_by=\"avia_inline_auto\" id=\"style-css-av-27ty8-d881cfa91a4d518594b4f0d81813bff4\">\n.flex_column.av-27ty8-d881cfa91a4d518594b4f0d81813bff4{\nborder-radius:0px 0px 0px 0px;\npadding:0px 0px 0px 0px;\n}\n<\/style>\n<div  class='flex_column av-27ty8-d881cfa91a4d518594b4f0d81813bff4 av_one_third  avia-builder-el-4  el_after_av_one_third  el_before_av_one_third  flex_column_div av-zero-column-padding  column-top-margin'     ><article  class='iconbox iconbox_left av-12gzg-ec2532d700b6879b1240869358cb2d27  avia-builder-el-5  avia-builder-el-no-sibling '  itemscope=\"itemscope\" itemtype=\"https:\/\/schema.org\/CreativeWork\" ><div class=\"iconbox_content\"><header class=\"entry-content-header\" aria-label=\"Ic\u00f4ne : L\u2018excellent Nicolas Eschalier s\u2019est d\u00e9plac\u00e9 au studio Mercure\"><a href='https:\/\/www.youtube.com\/watch?v=Fi77C8wFUmw' title='L\u2018excellent Nicolas Eschalier s\u2019est d\u00e9plac\u00e9 au studio Mercure' aria-label='L\u2018excellent Nicolas Eschalier s\u2019est d\u00e9plac\u00e9 au studio Mercure'  class='iconbox_icon heading-color avia-iconfont avia-font-entypo-fontello' data-av_icon='\ue80d' data-av_iconfont='entypo-fontello' title=\"L\u2018excellent Nicolas Eschalier s\u2019est d\u00e9plac\u00e9 au studio Mercure\" desc=\"L\u2018excellent Nicolas Eschalier s\u2019est d\u00e9plac\u00e9 au studio Mercure\" ><\/a><h3 class='iconbox_content_title '  itemprop=\"headline\" ><a href='https:\/\/www.youtube.com\/watch?v=Fi77C8wFUmw' title='L\u2018excellent Nicolas Eschalier s\u2019est d\u00e9plac\u00e9 au studio Mercure' >L\u2018excellent Nicolas Eschalier s\u2019est d\u00e9plac\u00e9 au studio Mercure<\/a><\/h3><\/header><div class='iconbox_content_container '  itemprop=\"text\" ><p>Cliquez ci dessus pour acc\u00e9der \u00e0 la vid\u00e9o.<\/p>\n<\/div><\/div><footer class=\"entry-footer\"><\/footer><\/article><\/div>\n\n<style type=\"text\/css\" data-created_by=\"avia_inline_auto\" id=\"style-css-av-1qmfg-765c60b7d341b2e7532213da09a2894b\">\n.flex_column.av-1qmfg-765c60b7d341b2e7532213da09a2894b{\nborder-radius:0px 0px 0px 0px;\npadding:0px 0px 0px 0px;\n}\n<\/style>\n<div  class='flex_column av-1qmfg-765c60b7d341b2e7532213da09a2894b av_one_third  avia-builder-el-6  el_after_av_one_third  avia-builder-el-last  flex_column_div av-zero-column-padding  column-top-margin'     ><article  class='iconbox iconbox_left av-kur1vkw8-70144ab525131aec748166d7f3badafe  avia-builder-el-7  avia-builder-el-no-sibling '  itemscope=\"itemscope\" itemtype=\"https:\/\/schema.org\/CreativeWork\" ><div class=\"iconbox_content\"><header class=\"entry-content-header\" aria-label=\"Ic\u00f4ne : Patrick Th\u00e9venot nous parle du workshop qu\u2019il anime\"><a href='https:\/\/www.youtube.com\/watch?v=fu46MajdVwE' title='Patrick Th\u00e9venot nous parle du workshop qu\u2019il anime' aria-label='Patrick Th\u00e9venot nous parle du workshop qu\u2019il anime'  class='iconbox_icon heading-color avia-iconfont avia-font-entypo-fontello' data-av_icon='\ue80d' data-av_iconfont='entypo-fontello' title=\"Patrick Th\u00e9venot nous parle du workshop qu\u2019il anime\" desc=\"Patrick Th\u00e9venot nous parle du workshop qu\u2019il anime\" ><\/a><h3 class='iconbox_content_title '  itemprop=\"headline\" ><a href='https:\/\/www.youtube.com\/watch?v=fu46MajdVwE' title='Patrick Th\u00e9venot nous parle du workshop qu\u2019il anime' >Patrick Th\u00e9venot nous parle du workshop qu\u2019il anime<\/a><\/h3><\/header><div class='iconbox_content_container '  itemprop=\"text\" ><p>Cliquez ci dessus pour acc\u00e9der \u00e0 la vid\u00e9o.<\/p>\n<\/div><\/div><footer class=\"entry-footer\"><\/footer><\/article><\/div>\n","protected":false},"excerpt":{"rendered":"","protected":false},"author":1,"featured_media":0,"parent":0,"menu_order":0,"comment_status":"closed","ping_status":"closed","template":"","meta":{"footnotes":""},"class_list":["post-40","page","type-page","status-publish","hentry"],"jetpack_sharing_enabled":true,"_links":{"self":[{"href":"https:\/\/www.studiomercure.fr\/index.php?rest_route=\/wp\/v2\/pages\/40","targetHints":{"allow":["GET"]}}],"collection":[{"href":"https:\/\/www.studiomercure.fr\/index.php?rest_route=\/wp\/v2\/pages"}],"about":[{"href":"https:\/\/www.studiomercure.fr\/index.php?rest_route=\/wp\/v2\/types\/page"}],"author":[{"embeddable":true,"href":"https:\/\/www.studiomercure.fr\/index.php?rest_route=\/wp\/v2\/users\/1"}],"replies":[{"embeddable":true,"href":"https:\/\/www.studiomercure.fr\/index.php?rest_route=%2Fwp%2Fv2%2Fcomments&post=40"}],"version-history":[{"count":32,"href":"https:\/\/www.studiomercure.fr\/index.php?rest_route=\/wp\/v2\/pages\/40\/revisions"}],"predecessor-version":[{"id":880,"href":"https:\/\/www.studiomercure.fr\/index.php?rest_route=\/wp\/v2\/pages\/40\/revisions\/880"}],"wp:attachment":[{"href":"https:\/\/www.studiomercure.fr\/index.php?rest_route=%2Fwp%2Fv2%2Fmedia&parent=40"}],"curies":[{"name":"wp","href":"https:\/\/api.w.org\/{rel}","templated":true}]}}